?
4
Calculate -99 + 43 + 51 + -54.
-59
What is (-3 - (0 + -2) - (-24 + -3 + 19)) + 6?
13
Evaluate -83 + (-10 - 1 - (15 + 25 + -58)) + 6.
-70
What is (-4 - 0) + 3 + -44 + 11?
-34
Calculate -66 + -127 + 50 + 96.
-47
Calculate 1 + 86 + 2 + (74 + -135 - -70).
98
What is -23 + (17 - 21) + 33 + -10?
-4
What is the value of 14 + 2 - (28 - 3 - 23) - -16?
30
2 + (-3 - -66) - (-50 + -3 + 86 + -30)
62
85 + -230 + 23 + 106
-16
What is -64 - (-72 + 65 - 104)?
47
Calculate (-20 - -15) + (-3 - (3 - 2)) - (30 - -5).
-44
Calculate (-47 + 84 - 36) + 40.
41
Calculate (-15 - (2 + -11 + -3 + -7)) + 5.
9
Calculate -15 + 20 + (-7 - -6) + -14 + -6 - 101.
-117
What is the value of (12 - (58 + -49) - -63) + 43?
109
What is -59 + (4 + 25 + -23 - -6)?
-47
What is -60 + 120 + 70 + (1 - 2) + -14?
115
(6 - 26) + 7 + (-2 - -12)
-3
Calculate 13 - (-2 + (15 - -35 - 12) + (13 - 5)).
-31
13 - ((-9 - (25 + -11)) + 64)
-28
(-10 - (-9 + 22 - 27)) + -6 + -1 + 26
23
Calculate -54 + (129 + -50 - -55).
80
What is (1 + 107 - (-21 - ((14 - 25) + 5))) + -8?
115
What is -14 - (-88 - -65 - (-3 - (1 + 10)))?
-5
-17 - 5 - (-48 + 35) - 4 - 17
-30
Calculate 20 + -235 + -88 + 169.
-134
What is the value of (33 - (-11 - -59)) + 1 + 54?
40
What is (27 - 46) + (-22 - -34) + -2 + -10?
-19
What is -69 - (-27 - -4) - -2?
-44
What is the value of (64 - 217) + 135 + -2 + -41 + 2?
-59
5 - (15 - (6 + (9 - 1)) - -12)
-8
Evaluate -30 + (-15 - (-3 - 43)).
1
What is the value of 40 + (10 - (33 - -24))?
-7
-121 + 116 + 3 + 10 - (2 + 24)
-18
(-10 - (-21 - (-45 + 22))) + (0 - 26) - 0
-38
Evaluate 12 + (-16 - (19 - 5)) + 8.
-10
Evaluate 9 + 8 + -19 + 3 + -103 + 69.
-33
What is the value of 54 - (27 - -34 - 3) - (57 - -1)?
-62
Calculate 2 - 0 - (16 + -1 + -37 - 27).
51
Evaluate -26516 - -26526 - (-2 + 0 - -19).
-7
What is the value of (37 - 40 - (4 - (-30 + 6))) + 18?
-13
(-16 - 14) + (17 - 19 - -85)
53
Evaluate (-13 - (-39 + 18) - (3 + -7)) + -1 + -16.
-5
Evaluate (-11 - (2 + 11 + (1 - 13))) + -8.
-20
What is 75 + -62 + 0 + -3 + (63 - -4) + 2?
79
What is the value of -80 + (7 + -30 + 7 - (-21 - 3))?
-72
Evaluate -101 + 5 + (22 - 42) + -6.
-122
25 - (3 - 0) - (-3 + 15) - -46
56
What is the value of (-124 - (-403 - -82)) + -162?
35
What is the value of (-44 - 0) + (-2 - (-20 + 2))?
-28
Calculate -56 - -51 - (1 + -37).
31
Calculate -126 + (-20 + (13 - 18) - -13 - -5).
-133
What is 819 + -874 - (0 - -2) - -22?
-35
Evaluate -3 - (28 + (-4 - (-5 - 4 - -1) - 7)).
-28
Calculate -166 - ((32 - 143) + 30).
-85
Evaluate 8 + 1 + 58 + (-22 - 1).
44
What is the value of 3 + (18 - (40 + -16) - (12 - -3))?
-18
What is the value of 11 + (10 - 2 - 11) - 13 - -14 - 6?
3
What is the value of 29 + (-79 - -118) + -70?
-2
(660 + -635 - (18 - 1)) + 33
41
What is the value of -50 + -57 + 94 - (-91 - (1 + -6))?
73
Evaluate 1 + -15 - (171 + -35 + -185).
35
What is the value of 22 + 7 + -46 + -14 + 2?
-29
What is the value of (-617 - -665) + 3 + -15 + -8?
28
What is the value of ((10 + -16 - 2) + -7 - 39) + 6?
-48
What is (54 + -79 - -59) + -65?
-31
What is 0 + (-15 + 4 + 1 - -8) - (5 - -8)?
-15
What is 34 + 35 + 23 + -79?
13
What is the value of (441 - (-373 - -711)) + -46 + -1?
56
What is -24 + (7 - -16) + -21 - -5?
-17
What is 18 + 45 + (-76 - -49)?
36
(0 - -10) + -137 + 56 + 36
-35
Evaluate 4 + (4 - 13) - (-1 + 1 + (166 - 172)).
1
What is the value of 19 - ((-33 - (-98 + 13)) + 36)?
-69
Calculate 96 - 12 - 90 - (67 + 1 + -2).
-72
What is (40 + 5 - -5) + -119 + 46 + 55?
32
Evaluate (2 - 10 - -54) + (8 - (7 + -1)) + -10.
38
Calculate 23 - -4 - (1775 + -1729).
-19
Calculate -5 - (50 - -3) - (-2497 - -2495).
-56
-10 - (10 + -58 - 76)
114
(24 - (7 + 58) - -3) + -39
-77
1 - (44 + -67) - (-37 + 36)
25
What is the value of -58 - (-47 - -23) - -70?
36
Evaluate 36 + (-6 - -17 - 3 - 27).
17
What is the value of 5 + (57 - 32) + 1 + 35?
66
What is the value of 2 - (10 + (-14 - 3)) - (2 + -2)?
9
What is the value of -4 + -127 - (-235 - -162)?
-58
What is 3 + 2 - (3 + (-11 - -11) + 8 + 52)?
-58
What is the value of 0 - -110 - (31 - (3 + -12 - (7 - 36)))?
99
What is the value of -213 - -245 - (-44 - 11)?
87
What is the value of -16 - (7 - 17) - -3 - (-12 - 7)?
16
54 + (-30 + -21 - 3)
0
-61 + -126 + 151 + 29
-7
What is 0 + -3 - (68 + -70)?
-1
What is 59 - 83 - (5 + (-25 - 3))?
-1
-19 + 25 + -7 + 3 + -152 + 40
-110
-35 + 44 + -9 - (4 + -4 + 0)
0
8 + 13 + -11 + 3 + (8 - 29)
-8
-115 + 117 + -9 + -15 - -148
126
Calculate -6 - 1 - (188 + -254).
59
Calculate 78 + 91 + -94 + -4.
71
What is the value of 53 + (-80 - 131) - -54?
-104
What is the value of -77 + (-107 - (89 + -186))?
-87
Calculate (-35 - (2 + -1)) + -14752 + 14759.
-29
Calculate -10 + -26 + (-54 - -46).
-44
Evaluate -7 + (-6 - (8 + -3) - (86 + -90)).
-14
What is -76 - -23 - (-63 + 81)?
-71
(11 - -2) + 11 + (-3 - (2 + 24 - 13))
8
141 + 107 + -261 + -2 + 19
4
25 - 13 - (-60 + (6 - (9 - (-3 - 0))))
78
What is -89 + 28 + -7 + 69?
1
Calculate 8 + -91 + 4 + (9 - (-6 - -4)).
-68
Calculate 14 + -30 + 1 + (-23 - -80).
42
Calculate -18 + 5 + (22 - (40 - 37)).
6
What is (-42 - -59 - -25) + -59 + 1 + -123?
-139
Evaluate -27 + (1 - 5) + 29 + 23 + -59.
-38
-1 - -10 - 4 - (22 + -39 + -7)
29
Calculate 130 + 21 - (29 - (-16 - -5)).
111
What is -57 + (-2 + 7 - -60) + -2 + 1 + -97?
-90
Calculate -142 + 91 - (-4 - 1).
-46
Evaluate 26 + (-1 - 29 - -48 - 61).
-17
Evaluate 1 + 21 + 3 + -19.
6
What is the value of (5 - -33) + (4 - 3) + (-8 - -19) + -2?
48
What is -119 - (-93 - -108) - -47?
-87
Evaluate (-1 - -11) + -19 + (18 - 0) - (-45 + 40).
14
Calculate -29 + 35 + -18 - 58.
-70
What is the value of -65 + 80 - 85 - -9?
-61
82 - ((18 - 96) + 120)
40
-1662 + 1659 + 108 + 4
109
Evaluate -93 + 49 + (77 - -3).
36
Evaluate (-1 - -5 - -2) + 4 + 15 + (-275 - -216).
-34
Evaluate -2 + -9 - ((-88 - 50) + 52).
75
What is the value of -14 - ((44 - 126) + -10)?
78
Calculate 30 - (1 - (-3 - -8) - (-2 - 1 - 1)).
30
Evaluate 11 + 6 + -43 + -2 + 6 + -7.
-29
What is the value of 5 + 4 + (8 - (72 - (3 + 5 + -1)))?
-48
Evaluate (29 - -16 - -9) + -2 + (-1 - 5) - 5.
41
Calculate 54 - (119 + -43 + 8).
-30
What is the value of (37 - (4 + 20 - 6)) + 20?
39
What is -21 - (1 + -2 - (239 - 227))?
-8
Calculate 7 + (-11 - (28 - 14)) + 10.
-8
88 - (-100 - -54 - -97)
37
-72 + (-15 - (-15 - (-21 + 16)))
-77
What is the value of -1 - 11 - ((16 - (-32 - -30)) + 6)?
-36
Calculate 35 - 15 - 75 - -24.
-31
Calculate (41 - (50 - -32)) + 62.
21
Calculate -67 + 61 + (30 - (4 + 2)).
18
Calculate (127 - (0 + 0)) + (-94 - -173 - 78) + -7.
121
70 - (2 - (-84 - 25))
-41
-4 + -2 - (30 - (-6 + (4 - 23))) - -12
-49
Evaluate (-13 - -3) + -1 - -11 - (-30 + 16).
14
Evaluate 0 - 8 - (-8243 + 8230).
5
What is the value of (-119 + 18 + -6 - 11) + 25?
-93
What is the value of -65 - 0 - (4718 - 4757)?
-26
What is -26 - (7 + 23 - 83) - -2?
29
What is -13 + 27 + -27 + 0 - -34?
21
What is the value of (0 - (-49 - 0)) + (-171 - (-147 + -31))?
56
-20 + (-8 - (50 - 35)) + 177
134
What is 22 - (-75 - (-89 + 58))?
66
Evaluate 23 + 13 - (105 - 55).
-14
What is 65 + (-27 - (234 - 132))?
-64
Evaluate -27 + -56 + 13 + 2.
-68
What is -13 + 10 + (2 - -81 - (24 + -11 - 18))?
85
Evaluate (55 + -58 - -76) + -27.
46
(-23 - -1) + -18 + 0 + 103
63
What is the value of (-2 + 1 - (-7 - -6)) + 13 + -10 + -1?
2
19 + (4 - (5 + -11 + 14))
15
-13 - (-20 + 4) - 24
-21
(11 - (-4 - -5)) + -9 + (64 - -2)
67
Evaluate ((4 - 22) + 12 - (3 - -6)) + 6.
-9
Evaluate (61 + -30 - 31) + 1 + 5 - (-30 + -14).
50
What is 9 + (-16 - 1) + 19 + (1 - 0) - -84?
96
What is the value of -43 - (11 + (-37 - -10))?
-27
Calculate -1 - (1 - 5) - 52 - (17 - (-6 + 24)).
-48
Evaluate 5 + -6 + -4 + 4 + 16.
15
Calculate -30 - -42 - (-12 - -4 - (2 + -13)).
9
Calculate (4 + -3 - 10) + 4 - (4 - (-19 - -3)).
-25
What is the value of -42 + (65 - -1) - -19?
43
-160 + (8 + 18 - (-38 + 24))
-120
What is the value of (70 - (-9 - 2)) + (-14 - -6) - (20 - 18)?
71
Calculate 0 + 14 + (-49 - 41) + 76.
0
What is 70 + (-1 - (-13 - (-2 + -12))) + -10?
58
What is (0 - 26) + (2460 - 2459)?
-25
2 - (-15 + -15 - -45)
-13
(-154 - -91) + (-1 - -31)
-33
What is the value of (-9 - (-10 - -2)) + 8 - (-9 + (0 - 6))?
22
What is -11 + -1 - (15 - -19 - 89 - 11)?
54
10 - ((-16 - -5) + 22) - 40
-41
What is 183 + -141 + -17 + 7?
32
-14 - (-71 - (-7 + 1 - (-4 - 0)))
